n (-29)/(-2)*(z + -4 + 2) is divided by 17?
12
Suppose 12 - 27 = -3*v. Suppose v = -j + 2. Let l(k) = -2*k**3 + k**2 - k - 3. Calculate the remainder when l(j) is divided by 16.
15
Let k = 127 + -62. Let q(o) = o**3 + 5*o**2 - 6*o + 4. Let u be q(-7). Let z = u - -75. Calculate the remainder when k is divided by z.
19
Let j(m) = 35*m**2 - 11*m - 17. Calculate the remainder when j(-2) is divided by 15.
10
Suppose 6*b - 112 - 62 = 0. What is the remainder when 36 is divided by b?
7
Let p = 583 - 565. What is the remainder when 204 is divided by p?
6
Calculate the remainder when 41 - (11 + -2) - -11 is divided by 2/(-9) + 908/36.
18
Suppose -4*m - m - 4*h - 50 = 0, -9 = m + h. Let s be (-4)/m + 384/28. Calculate the remainder when 39 is divided by (s/(-4))/(1/(-4)).
11
Let l = -66 - 57. Let f = -106 - l. Calculate the remainder when 84 is divided by f.
16
Suppose 3*o = 5*u - 9, -2*u + 2*o = -0*u - 6. Let j be (1 + 3)*(-34)/4. Calculate the remainder when -2 + 1 - (j + u) is divided by 12.
9
Suppose -2*o - 3*d + 29 = -32, -4*o + 4*d = -152. What is the remainder when o is divided by 4*4 + -2 + 0?
7
Let z(y) = -2*y**2 - 146*y + 41. What is the remainder when z(-66) is divided by 46?
45
Let r(j) = j**2 - 12*j + 42. What is the remainder when 19 is divided by r(8)?
9
Let t(h) = 2*h - 10. Let p be t(6). Suppose z - 89 = -3*k, -168 = -2*z + p*k - 6*k. Calculate the remainder when z is divided by 19.
17
Let u(i) = i**3 - i**2 - i + 132. Let a be u(0). Suppose -103 - a = -5*x. Let y = 193 + -168. Calculate the remainder when x is divided by y.
22
Let r = 66 + -69. What is the remainder when 32 is divided by 12/3 - (r - 0)?
4
Let q(j) = -2*j - 25. Let t be q(-15). Suppose 0 = -t*x + l + 122, -3*x + 5*x = -5*l + 38. What is the remainder when 91 is divided by x?
19
Let z = 198 - 129. Suppose 3*y = -4*r + 16 + 52, -r = -4*y + 97. What is the remainder when z is divided by y?
21
Suppose -4*a - 20 = -0*a. Let t(h) = -h**3 - 6*h**2 - 7*h - 3. Let y = 25 - 6. What is the remainder when y is divided by t(a)?
5
Let d be 0/(8/4) + (0 - -2). Suppose -6 = d*v, -51 = -4*y - 2*v + 55. Let l(q) = -2*q**3 + 4*q**2 + 3*q + 1. Calculate the remainder when l(-3) is divided by y.
26
Calculate the remainder when 116337/143 - (-18)/(-33) is divided by 48.
45
Suppose 0 = h + 2 - 4. Let q be (3/(-2))/(h/(-20)). Let f = 7 + q. Calculate the remainder when f is divided by 12.
10
Calculate the remainder when -3 + -1 + 2 - -320 is divided by 40.
38
Suppose 2*q = 8*q - 756. Suppose 4*a = -3*a + q. What is the remainder when 89 is divided by a?
17
Suppose 3*x - 5*j - 462 = 0, -4*x + j = -330 - 303. Suppose -2*b + 2*m = 2*b - 136, 3*m - 148 = -5*b. What is the remainder when x is divided by b?
31
What is the remainder when (655 - -32)/(2 + 1 + 0) is divided by 11?
9
Let h(z) = z**2 + z - 18. Let d(v) be the third derivative of v**4/8 + 2*v**3 + 2*v**2. Calculate the remainder when d(11) is divided by h(5).
9
Suppose 149*n - 328 = 145*n. Calculate the remainder when n is divided by 32.
18
Let c(i) = -i**2 + 14*i + 17. Let w be c(15). What is the remainder when 40 + 4 + 0 + w is divided by 17?
12
Suppose -2*h - h + 45 = 0. Let x = h + -5. What is the remainder when x is divided by (-9)/(27/(-4))*-3 + 7?
1
Let r = 223 + -215. Calculate the remainder when 38 is divided by r.
6
Suppose -i - 4*i + 10 = 0. Suppose -3*u = -29 + i. Calculate the remainder when u is divided by 3.
0
What is the remainder when 28 - (6 - 10/2) is divided by 17?
10
Let k(d) = d**2 + 5*d + 14. Let x be k(-6). Suppose j = -x + 57. Calculate the remainder when 147 is divided by j.
36
Calculate the remainder when (-275)/(((-77)/(-22))/(-7)) is divided by 7.
4
Calculate the remainder when 1022 is divided by 2/10 - (-5104)/80.
62
Let d(y) = -2*y - 10. Let m be -6 + 0 + (0 - 3). Calculate the remainder when (315/12)/(m/(-24)) is divided by d(-14).
16
Let n be ((-4)/(-6) - 0)/(5/45). What is the remainder when 41 is divided by n/(-9) - (-136)/6?
19
Let f(z) = z**3 + 5*z**2 - 6*z + 5. Let v(y) be the first derivative of -y**2/2 + 7*y - 5. Calculate the remainder when f(-5) is divided by v(-5).
11
What is the remainder when 151 is divided by (-40)/(-30)*33/4?
8
Let h(u) = u + 22. Let i be h(-22). Suppose 3*c - 2*w - 55 = i, 30 = c + 3*w - 3. What is the remainder when 30 is divided by c?
9
Suppose 0 = q + 5*p - 10*p + 17, 0 = -5*q - 5*p + 65. Calculate the remainder when q is divided by 5.
3
Suppose 0 = 2*y - 4*y + 26. Suppose -5*q + 9 = 14. What is the remainder when 4/q*(-114)/12 is divided by y?
12
Let s = 19 - 13. Let v = 47 - 33. What is the remainder when v is divided by s?
2
Let m(v) = 15*v**2 + 23*v - 93. Calculate the remainder when m(10) is divided by 126.
125
Let d(m) = -m**3 - 6*m**2 - 11*m - 250. Suppose -3*t - 5*b + 67 = 0, 4*b = -0*t + 3*t - 76. Calculate the remainder when d(-9) is divided by t.
20
Let z = -862 + 902. What is the remainder when 838 is divided by z?
38
Let j(t) = -1 - 51*t + 2 - 2. Let l be j(-1). Calculate the remainder when l/(4/24*3) is divided by 34.
32
Suppose -25*c = 1081 - 9906. What is the remainder when c is divided by 35?
3
Let l(n) = -n**2 - 28*n + 263. What is the remainder when l(-33) is divided by 39?
20
Suppose 2*d + 3*d - 155 = 0. Suppose 3*y - 42 = -28*t + 25*t, -4*y = 3*t - 53. What is the remainder when d is divided by y?
9
Suppose 82 = 2*q - 4*z - 68, 4*q + 3*z - 322 = 0. Calculate the remainder when q is divided by 10.
9
Let j(d) = -d**2 + 11*d + 32. What is the remainder when 43 is divided by j(0)?
11
Let n(d) = 16*d**2 + d. Let j = 15 + -18. Let o(t) = -14*t - 11. What is the remainder when o(j) is divided by n(1)?
14
Let r = 299 - 267. Calculate the remainder when 255 is divided by r.
31
Let c(v) be the second derivative of 7*v**4/2 + v**2/2 - 12*v. Calculate the remainder when 125 is divided by c(-1).
39
Suppose -23*s + 31*s - 464 = 0. What is the remainder when s is divided by 6?
4
Let r(y) be the third derivative of y**5/60 + y**4/12 + 17*y**3/6 - 18*y**2. What is the remainder when r(-8) is divided by 17?
14
Suppose 0 - 15 = -3*o. Let c = o - -18. Calculate the remainder when c is divided by 12.
11
Let z(k) = -124*k + 1. Let l be z(-1). Suppose 7*c + l = 2*c. Calculate the remainder when 25 is divided by 10/c + 94/10.
7
Suppose 0*i - 477 = -2*b - 3*i, 5*i = -5*b + 1180. What is the remainder when b is divided by 118?
113
Suppose 5*c - 48 = 2*c. Let q = -16 + c. Suppose -r = 2*o - 10, q*r + 5*r - 70 = -5*o. Calculate the remainder when 34 is divided by r.
16
Suppose -2*y + 70 = -5*d, 3*y - 2*d = -4*d + 67. What is the remainder when 158 is divided by y?
8
Let m(j) = -j**2 + 14*j + 56. Let f be m(17). Let w be -1*(1 + -6)*3. Let k = w - f. Calculate the remainder when 26 is divided by k.
6
Suppose u - 720 = -15*u. What is the remainder when 114 is divided by u?
24
Let n(c) = 2*c + 11. Let a(r) = -5*r**3 + 2*r + 1. Suppose -l - 5*u - 21 = 0, u = l + 2*u + 5. What is the remainder when a(l) is divided by n(-4)?
1
Let p(x) = x**2 - 4*x - 112. What is the remainder when p(22) is divided by 24?
20
Suppose 4*k + 9 = 5*k - j, 2*j = -5*k + 45. What is the remainder when 565 is divided by k?
7
Let c(j) = -j**2 + 7*j + 2. Let m be c(7). Let d = 4 + m. Suppose 5*h - 53 = -b, h - 2*b + 2 = d. Calculate the remainder when h is divided by 6.
4
Calculate the remainder when ((-768)/(-512))/(1 - 703/706) is divided by 86.
9
Suppose -126 = -12*o + 102. What is the remainder when 74 is divided by o?
17
Suppose 3*t + 2*t - 272 = -4*p, -p + 159 = 3*t. Let m(q) = 17*q**3 + q**2 - q - 2. Let x be m(-1). Let y = x + 44. What is the remainder when t is divided by y?
25
Suppose 5*a - 300 = 5*m, 3*m = -2*a + 157 - 62. What is the remainder when a is divided by 7?
6
What is the remainder when 20292/171 - (-2)/6 is divided by 11?
9
Let w be (3 - -1 - 9)*(-16)/10. Suppose -m - 5*d + 8 = -6, 2*d = -m + w. What is the remainder when 4 is divided by m?
0
Let k(b) = 6*b**2 + 5*b + 4. Let a be k(6). Suppose 4*f = -f + a. Let o = f - 36. What is the remainder when 25 is divided by o?
11
Let l be -1*(13 + (2 - -2)). Let z = 2 - l. Calculate the remainder when (-2*(-2 - -76))/(1 - 3) is divided by z.
17
What is the remainder when 149 is divided by (7 + -13)*(2 - 1) + 128?
27
Let z = -29 + 28. Calcula